 -3)/(1/d). What is the tens digit of q - 484/(-4) - (0 - 1)?
2
What is the units digit of (-23 + 1665)/((-24)/(-396))?
3
Let h(a) = -29*a**2 + 1348*a + 72. What is the tens digit of h(24)?
2
Let k be ((-273)/28)/(-13) - 2895/(-12). Let s = 378 + k. What is the tens digit of s?
2
Let x be 2/(-8) + 24783/44. Let g = x + -75. What is the hundreds digit of g?
4
Let n = 2 + -1. Let z(q) be the first derivative of 129*q**2/2 + q - 132. What is the hundreds digit of z(n)?
1
Suppose 0 = -5*c + 4*c - 5*x - 3, -c = 4*x + 3. What is the tens digit of (35 - -2407)*(-1)/c?
1
Let p(h) be the third derivative of 0*h - 5/12*h**4 + 0 + 2/3*h**3 - 3*h**2. What is the units digit of p(-3)?
4
Suppose 0 = -27*r + 29*r + 4*x - 15756, -3*r = x - 23659. What is the tens digit of r?
8
Let d(z) = -7131*z**3 + 1. What is the thousands digit of d(-1)?
7
Let m(w) = w**2 + 22*w + 49. Let k be m(-20). Let f = -92 + k. Let u = 145 + f. What is the units digit of u?
2
Let p(h) = 8*h**2 + 30*h - 9. Let o = -47 - -38. What is the hundreds digit of p(o)?
3
Let z(w) be the third derivative of -w**6/120 + 17*w**5/60 - 5*w**4/8 - 8*w**3/3 - 17*w**2. Let n be z(16). What is the tens digit of 9 + -12 + (n - -83)?
8
Let u(b) = b**2 + 3*b - 18. Let i be u(-6). Suppose i = -p - 0*p - 3*z - 137, -p - 117 = -z. Let v = 215 + p. What is the tens digit of v?
9
Let f(x) = 7*x**2 - 12*x - 87. What is the thousands digit of f(20)?
2
Let f be (3/(63/12))/((-14)/(-49)). Suppose 0 = 6*h + f*h - 2992. What is the hundreds digit of h?
3
What is the ten thousands digit of (-38470)/15*45/(-6)?
1
Suppose 13971 = 4*a - 2*r - 16697, -5*r - 7649 = -a. What is the units digit of a?
9
Let r = -483 + 544. Let b = r + 1132. What is the thousands digit of b?
1
Let d(l) = 4*l + 49. Let f be d(-11). Suppose 0 = f*y - 17*y + 816. What is the tens digit of y?
6
Let k = -3 + 3. Let w be k/(-1) + -2 + 4. Suppose 39 - 71 = -w*p. What is the tens digit of p?
1
Let w(v) = 2*v**3 - 26*v**2 - v + 12. Let s be w(13). What is the units digit of 45*s*(-6 + -1)?
5
Let y = 123 - 43. Let b = y + 5. Let m = 1 + b. What is the tens digit of m?
8
Let x = 745 - 743. Suppose v - 1 = 0, 44*q + x*v = 41*q + 3293. What is the hundreds digit of q?
0
Let h = 99 + -83. Let y = h + -84. Let d = y - -85. What is the units digit of d?
7
Let n(g) = 2018*g - 255. What is the tens digit of n(15)?
1
Suppose 4*u + 2*a - 14 = 0, -2*u - 3*u = 4*a - 13. Suppose -801 = -r + 3*o, 1126 + 1263 = 3*r + u*o. What is the hundreds digit of r?
7
Suppose -139750 = -5*d + 5*r, -21*d + 26*d = -3*r + 139694. What is the tens digit of d?
4
Let k = 123 - 121. Suppose 6*y = 5*y + k. Suppose 2*t - 352 = l - 50, -302 = -y*t - 3*l. What is the hundreds digit of t?
1
Let t(l) = -l**2 + 62*l - 146. Let b(d) = d**2 + 14*d - 23. Let i be b(-17). What is the tens digit of t(i)?
0
What is the hundreds digit of (-8)/(-10) + 94293/15?
2
Let d(v) = -v**2 + 2. Let f(t) = 94*t**3 - 7*t**2 + 9*t. Let s(i) = -4*d(i) + f(i). What is the units digit of s(2)?
0
Let d = -63337 - -122762. What is the thousands digit of d?
9
Let h(m) = 2*m + 35. Let w be h(-5). Suppose w*b - 15878 = -3453. What is the tens digit of b?
9
Suppose -2*q + a + 10 + 1 = 0, 9 = 3*q + a. Suppose -q*b = -b - 15. Suppose 5*i = -4*y + 250, 3*i = b*y - 4*y + 133. What is the tens digit of i?
4
Let f(p) = -4*p**3 - 2*p**2 + 2*p + 2. Let x be f(-1). Suppose 3*r + 2*b = 6*b, 2*b = 0. Suppose -x*w - 4*w + 42 = r. What is the units digit of w?
7
Suppose x + 29*a - 4943 = 28*a, 5*a = x - 4919. What is the tens digit of x?
3
Suppose -q + 2*k - 6*k = -4379, 5*k = 2*q - 8771. What is the hundreds digit of q?
3
Let l = -17735 + 30785. What is the tens digit of l?
5
Let q(i) = i + 13. Let p(b) = 2*b**3 + 16*b**2 - b + 5. Let a be p(-8). Suppose -o = 4*r - a, r + r - 2 = -2*o. What is the tens digit of q(r)?
1
Suppose 0 = 29*k - 43*k + 55356. What is the units digit of k?
4
Suppose -16*n = 5*n - 13314. Suppose -n = -3*a + 476. What is the tens digit of a?
7
Let w(j) = 29*j**2 + 10*j - 3. Let y be w(1). Suppose 31*x - y*x = -3390. What is the hundreds digit of x?
6
Let f = -11479 + 21912. What is the hundreds digit of f?
4
Let c be (-4 + 2 - -1) + 557. Suppose -9*n = -c - 344. Let v = 173 - n. What is the tens digit of v?
7
Suppose -9*d - 492 = 19101. What is the tens digit of (3 - d/(-21))*-6?
0
Let o(c) = -c**2 - 10*c + 56. Let x be o(-17). Let m = x + 66. What is the units digit of m?
3
Suppose 4*c - 100587 = -5*h, -2*h + 40234 = -2*c + 4*c. What is the tens digit of h?
1
Let r(n) = n**3 + 3*n**2 - 2*n - 3. Let v(w) = -w**2 + 11*w + 13. Let o be v(12). Suppose x - m = 0, 4*x - 2 = 3*m + o. What is the tens digit of r(x)?
4
Let d(b) = -b**3 + 4*b**2 - 2*b. Let h be d(3). Suppose -f + 0*f = -h. Suppose f*u - 6*u - 5*m = -147, u - 4*m - 66 = 0. What is the units digit of u?
4
Let y(k) = -k**3 + 3*k**2 + 4*k - 4. Let a be y(3). Suppose 18*x - 22*x + 8 = 0. What is the units digit of x + (-2)/(-2) + a?
1
Let m(k) = -31*k - 32. Let z(w) = w - 1. Let s(n) = -m(n) + 6*z(n). Let p be s(4). Suppose 3*v - 177 = -3*c, 4*c + p = 3*v + 8*c. What is the tens digit of v?
6
Let p(i) = -2*i**3 + 20*i**2 - 18*i + 5. Let w be p(9). Suppose w*x - 367 = -z, -x + 331 + 403 = 2*z. What is the units digit of z?
7
Suppose 120*l = 761650 - 88210. What is the hundreds digit of l?
6
Let u = -220 - -225. Suppose -1853 = -5*o - w, -1103 = -2*o - o - u*w. What is the hundreds digit of o?
3
Suppose 166 = 3*s + 5*o, 0*o - 2*o - 37 = -s. Let g = 120 - s. Suppose g = 4*v - 55. What is the tens digit of v?
3
Let d(b) = 5*b - 6. Let z be d(2). Suppose -v - 2*v = 5*x - 10, -2*x + 30 = -z*v. Suppose -x*w - 25 = -55. What is the units digit of w?
6
What is the hundreds digit of (-1)/3*(-6)/((-20)/2330130*-11)?
1
Let f(v) = -2*v**2 - 4*v - 4*v + 9*v + 7*v + 18 - v**3. What is the units digit of f(-7)?
7
Let y = 379 + -358. Suppose y*s - 17*s - 4*j - 2552 = 0, 0 = -3*j. What is the tens digit of s?
3
What is the units digit of (2 + 1)*(7 - -1228)?
5
Let q(r) = -r**2 - 8*r - 3. Let x be q(-3). Let i be x/(0 + 4) - 0. What is the tens digit of (-1)/(i - 1000/332)?
8
Let q = 209 - 193. Suppose 0*a + 6096 = q*a. What is the tens digit of a?
8
Let v(l) = 326*l + 764. What is the tens digit of v(19)?
5
Let r = 504 - 525. What is the units digit of (-10)/(-70) - 1887/r?
0
Let p = -103 - -270. Let a be (-502)/18 + (-16)/(-18). Let i = p + a. What is the units digit of i?
0
Let r(v) = -v**3 - 18*v + 17. Let l be r(-7). Suppose 35*f - 37*f = -l. What is the tens digit of f?
4
Let t(c) = 4*c**3 + 3*c**2 - 3*c. Let p be t(1). Suppose p*y - 14 = 2. Let l(j) = 3*j**3 - j**2 - 5*j + 3. What is the tens digit of l(y)?
5
What is the units digit of (127 - 25)/(2/185)?
5
Suppose 0 = -2*o - 2*l + 194328, 1053*o - 291447 = 1050*o + 2*l. What is the ten thousands digit of o?
9
Let q(n) = -8*n + 2 + 32*n - 21. Let v be q(-5). Let t = -56 - v. What is the tens digit of t?
8
Suppose x + 147 = 150. Suppose 0 = 7*h - x*h + 2*u - 1460, 0 = 2*h - 3*u - 738. What is the units digit of h?
6
Let t(m) = m**2 + 2*m - 6. Let l be t(4). Let u = l - 7. Suppose -2*f + 9 = -u. What is the tens digit of f?
1
Suppose -60 = -14*k + 17*k. What is the units digit of -2*((-98)/20 + (-8)/k)?
9
Suppose 14*q = -12*q + 94666. What is the hundreds digit of q?
6
Suppose 63 = -2*a - a. Let d be (-10)/8 - a/4. Suppose -4*p = o - 136, 5*o - p = d*o + 136. What is the tens digit of o?
3
Let a(y) = -5490*y - 2146. What is the tens digit of a(-5)?
0
Let b = -1087 + 1565. Suppose 5*j - 2*u - 1233 = 0, 2*j + 9*u - b = 6*u. What is the hundreds digit of j?
2
Let y = 3939 + -3871. What is the units digit of y?
8
Let p = 1 - 2. Let d(l) = -5181*l**2 - 1 + l + 2 + 5297*l**2. What is the units digit of d(p)?
6
Let f(h) = h**3 + 87*h**2 - 193*h + 179. What is the thousands digit of f(-87)?
6
Let m(d) = 2*d - 26. Let l be m(10). Let s be (l/(-7))/(-2) + (-320)/(-28). Suppose s*g - b - 6 = 6*g, g = b - 2. What is the units digit of g?
2
Suppose 16*l - 22*l = -30. Suppose -4*b + l*f = -19, 3*b + 4*f = 8 + 14. Suppose -w = -h - b*w + 42, -2*h + 3*w = -45. What is the units digit of h?
7
Let h be (-8)/100 + (-2583)/525. Let m be 5*-2 - 3/(-3). Let r = h - m. What is the units digit of r?
4
Suppose -5*n = -6*n - m + 3, 2*n + m -